111*u - 43200 = -95*u. Suppose 103 + 5 = 4*g. What is the greatest common divisor of g and u?
27
Suppose 693 = -12*t + 13*t - 4*i, -3*t + i = -2134. What is the highest common divisor of t and 46?
23
Let i(q) = -4*q + 12. Let s be i(5). Let n(g) = g**2 + 8*g + 10. Let u be n(s). Suppose 0 = 11*j - u*j - 253. Calculate the greatest common factor of 23 and j.
23
Let l(u) = u**3 - 23*u**2 - 16*u + 29. Let t be l(24). What is the highest common factor of 17 and t?
17
Let p be (-144)/1512 + (-6304)/(-42). What is the greatest common factor of p and 30?
30
Let z be (-2)/3 + 26/3. Suppose z*h - 9*h = -15. What is the greatest common divisor of 195 and h?
15
Let i be (-2 - 2)/(-1) + -180. Let c be ((-3)/4)/(4 + 708/i). Let u(r) = 28*r**3 + 2*r**2 - 1. Let f be u(2). What is the greatest common divisor of c and f?
33
Let l = 868 - 517. Calculate the highest common divisor of 108 and l.
27
Suppose -21 = c - 23. Suppose 2*j - 50 = -c*s, 0*j - j + 45 = -3*s. Calculate the highest common factor of 75 and j.
15
Suppose -2*x + 17 = 3*f, -5*x = 24*f - 25*f - 17. Calculate the highest common divisor of 31 and x.
1
Let r be 111/(-2)*8/(-6). Let t be (-10)/5 + r/1. What is the highest common factor of 8 and t?
8
Suppose 0 = -5*b + b - k + 1067, 4*b + 5*k - 1079 = 0. Suppose 0 = c - 0*c - b. What is the greatest common divisor of c and 19?
19
Suppose 0 = 3*v - 6*v + 27. Suppose o = 4*i - 325 + 75, -4*i - 4*o = -260. Calculate the highest common factor of v and i.
9
Suppose 0 = -68*w + 98389 - 8085. Calculate the highest common factor of 16 and w.
16
Suppose 0 = 2*i + 3*w - w - 170, 4*i = 3*w + 375. What is the highest common factor of 45 and i?
45
Let v = 111 - -225. Suppose -3*m + 7*h = 2*h - 209, -v = -5*m - 4*h. Calculate the greatest common factor of 51 and m.
17
Let f = 2975 - 2948. Suppose -5*m - 2*r = 2*r - 957, 4*r = 3*m - 555. What is the highest common factor of m and f?
27
Let a be ((-30)/45)/(1/21*2). Let f(s) = -2*s**2 - 13*s + 16. Let u be f(a). Calculate the highest common factor of u and 9.
9
Let p be 618/10 - 4/(-20). Suppose 2*i + i - p = -5*x, -3*i + 4*x + 80 = 0. Suppose 0 = -11*q - 2*q + 104. What is the highest common factor of i and q?
8
Let i(t) = 11*t**2 + 29*t + 8. Let r be i(6). Calculate the highest common divisor of 34 and r.
34
Let z be 6/8*18*2. Suppose -1009 = -81*s + 1178. Calculate the highest common divisor of s and z.
27
Suppose 3*v - 11 = -x, 2*v = 2*x + 6*v - 18. Let n be ((-1)/3)/(x/(-1170)). What is the highest common divisor of 26 and n?
26
Let p(t) = -201*t**3 - t**2 + 3*t - 3. Let v be p(1). Let i = v + 490. Calculate the highest common divisor of i and 18.
18
Suppose -17*g + 13*g = 5*h - 115, 4*h - 4*g - 56 = 0. What is the greatest common factor of h and 57?
19
Let n = 11 - 5. Suppose 3*i + n = 15. Let a = -306 + 339. Calculate the highest common factor of a and i.
3
Let s(y) = y**2 - 7*y - 7. Let d be s(9). Suppose -d + 35 = 4*k. Suppose -4*m - 204 = -5*a, 74 = 2*a - 5*m + k. Calculate the highest common factor of a and 11.
11
Suppose 8*t = -10*t + 5040. What is the highest common factor of t and 35?
35
Let x = 103 - 61. Let g be (((-6)/(-2))/(-6))/((-27)/756). Calculate the greatest common factor of g and x.
14
Suppose 86*a - 91*a = -60. Calculate the greatest common divisor of a and 114.
6
Suppose -35 = -5*c + 5. Let y(x) = -x**3 + 4*x**2 - 2*x - 3. Let o be y(3). Suppose 2*f + 7 - 11 = o. Calculate the highest common factor of c and f.
2
Let o = -7 - -12. Suppose -7*s - 84 + 119 = 0. Calculate the greatest common factor of o and s.
5
Suppose 6*q = 12*q - 90. Calculate the greatest common factor of q and 65.
5
Suppose -2*s - 141 = -5*w, 0 = 2*s + 2*s - 2*w + 242. Let g = 70 + s. Calculate the greatest common factor of g and 36.
12
Let q be (3 + (-672)/(-6))*(-2)/5. Let a = q - -67. What is the greatest common factor of 84 and a?
21
Suppose -40*y + 3715 = 195. What is the greatest common factor of y and 80?
8
Let b be (2310/40)/21*1*20. Let a be (20/(-1 + 3))/(-2). Let l be 88/(-20)*a/2. Calculate the greatest common factor of b and l.
11
Let b = -273 - -300. Let t = -8 - -11. Calculate the greatest common divisor of t and b.
3
Let u(h) = h**3 - 3*h**2 + 2*h - 1. Let v be u(2). Suppose 9*d + 12 = 15*d. Let s be (-400)/4*v/d. Calculate the highest common divisor of 20 and s.
10
Let b = 3536 + -2057. Calculate the greatest common factor of b and 261.
87
Suppose 5*h - 25 = 5. Let c(n) = n**2 + 8*n - 27. Let g be c(h). Suppose -5*u = -3*d - 110, -u + 3*d + 53 = u. Calculate the highest common factor of g and u.
19
Let v(k) be the second derivative of 23*k**3/6 + 3*k**2 + k. Let b be ((-4)/3)/(10*2/(-75)). Let g be v(b). Calculate the highest common factor of g and 11.
11
Suppose 0*l - l - 4*m + 22 = 0, m = -1. Let t be (-2)/13 + 56/l. Suppose 0 = -t*r + 274 + 78. Calculate the greatest common divisor of 16 and r.
16
Let g = -7 + 11. Suppose -4*s + g = -0*s. Suppose 230 = -11*k + 57*k. Calculate the greatest common factor of k and s.
1
Suppose -6*h = -3*h - 21. Let c(i) = i**3 + 5*i**2 - 2*i - 5. Let v be c(-5). Let p = v + 16. Calculate the highest common factor of h and p.
7
Suppose -4*c = 4*s - 80, c = 4*s - 2*s - 40. Let x = s + -24. Let a be x/(2*(-4)/112). What is the greatest common divisor of a and 7?
7
Suppose 3*d - 9 = 0, -4*g + 2625 = -g + 4*d. What is the highest common divisor of g and 13?
13
Let w = -173 + 39. Let l be (w/(-12) + 4/(-24))*1. Suppose -5 = k - 0*x - 2*x, 4*k = -3*x + 13. What is the highest common divisor of l and k?
1
Let n(d) = -2*d**2 + 15*d - 21. Let b be n(9). Let t = 62 + b. Calculate the greatest common divisor of t and 126.
14
Let o = 11 - 8. Let v(t) = -t**2 + 16*t. Let s be v(16). Suppose 3*d + 2*q + 9 - 49 = s, -4*q - 16 = -2*d. Calculate the greatest common factor of d and o.
3
Let w = -31 - -27. Let y be -5 - (w + 1) - -10. Calculate the greatest common divisor of y and 88.
8
Let x(z) = -z + 5. Suppose -24 + 18 = -3*c. Let i be x(c). Suppose -5*h + 8*h - 81 = 0. Calculate the highest common divisor of i and h.
3
Suppose 7*h - 340 = 2*h - 5*i, -5*h + 5*i = -310. Calculate the greatest common factor of 26 and h.
13
Suppose 2*q - 107 - 91 = 0. Suppose -36 = -5*f + f. What is the highest common divisor of q and f?
9
Let p = -262 - -390. Let q(r) be the third derivative of r**4/6 - 2*r**3/3 - 5*r**2. Let u be q(5). Calculate the greatest common divisor of u and p.
16
Let a be 4/(-14) - (-283580)/770. Calculate the highest common divisor of a and 32.
16
Suppose 5*w = -4*c + 1049, -38*c - 2*w = -35*c - 785. Let i be 410/14 + 4/(-14). What is the greatest common divisor of i and c?
29
Let o(t) = 7*t**2 - 124*t + 3. Let a be o(18). What is the greatest common divisor of a and 13?
13
Let y be 40*4*1/8. Let o be -15*7/((-175)/y). Let l be (-1 + 1 + 4)*1. What is the highest common factor of l and o?
4
Let w = 15 - 14. Let j(t) = t**3 + 8*t**2 - 2*t - 14. Let g be j(-8). Calculate the highest common factor of g and w.
1
Let q = -109 + 141. Calculate the greatest common divisor of 256 and q.
32
Suppose k = -2*k + 216. Let g be 158/18 + (-14)/(-63). Calculate the highest common factor of k and g.
9
Suppose -3*t = 2*u - 6, u = 4*t - 2*t + 3. Suppose 20*m - 195 = 105. Calculate the greatest common divisor of u and m.
3
Let s be (16/3)/(18/135). Let i be 3/(-9)*1*-15. Calculate the greatest common factor of i and s.
5
Let t = 2000 + -1975. Calculate the highest common factor of t and 575.
25
Suppose 3*d + f - 5 = 0, 0 = 5*d - 7*d - f + 2. Calculate the highest common factor of d and 27.
3
Let n = -1031 - -1201. Calculate the highest common divisor of 20 and n.
10
Let p(q) = -q**3 + 10*q + 4 + 11*q**2 - 10*q. Let u be p(7). Let x be (-6)/(-132)*11*160. Calculate the highest common divisor of u and x.
40
Let u = -13 - -22. Let f = -6 - -27. Let l = f - u. Calculate the highest common factor of l and 2.
2
Let i(o) = o + 28. Let n be i(19). Suppose -5 = 4*d - z - n, 3*z + 38 = 4*d. Calculate the highest common divisor of d and 77.
11
Suppose 3*w - 10 = -2*l, -l = 3*w - 4*l. Let f(g) = 2*g**3 + 35*g**w + 4*g - 5 - g**3 - 40*g**2. Let v be f(6). What is the highest common divisor of v and 11?
11
Suppose 2*o = 5*i + 1587, 11*o - 4*i + 2323 = 14*o. What is the highest common factor of 71 and o?
71
Su